{"id":2,"date":"2025-07-05T12:06:19","date_gmt":"2025-07-05T10:06:19","guid":{"rendered":"https:\/\/ejdemtest.pl\/?page_id=2"},"modified":"2025-07-23T20:47:18","modified_gmt":"2025-07-23T18:47:18","slug":"kontakt","status":"publish","type":"page","link":"https:\/\/magiaskrzypiec.pl\/?page_id=2","title":{"rendered":"Kontakt"},"content":{"rendered":"\n<p class=\"has-custom-color-1-color has-text-color has-link-color wp-elements-322f466997d8b6a942f2ee1748e1bd87\"><strong><em>Masz pytanie? Chcesz zarezerwowa\u0107 termin? Napisz do mnie \u2013 z przyjemno\u015bci\u0105 odpowiem!<\/em><\/strong><\/p>\n\n\n\n<div class=\"wp-block-group is-nowrap is-layout-flex wp-container-core-group-is-layout-6c531013 wp-block-group-is-layout-flex\">\n<p class=\"has-custom-color-1-color has-text-color has-link-color wp-elements-894258aad735f6949b88e81e171112e4\"><strong>tel: 690 461 599<\/strong><\/p>\n<\/div>\n\n\n\n<p class=\"has-custom-color-1-color has-text-color has-link-color wp-elements-520f8addf2bffbdf1a24972513233bb3\"><strong>e-mail: agata8720@gmail.com<\/strong><\/p>\n\n\n\n<div class=\"wp-block-contact-form-7-contact-form-selector\">\n<div class=\"wpcf7 no-js\" id=\"wpcf7-f127-o1\" lang=\"pl-PL\" dir=\"ltr\" data-wpcf7-id=\"127\">\n<div class=\"screen-reader-response\"><p role=\"status\" aria-live=\"polite\" aria-atomic=\"true\"><\/p> <ul><\/ul><\/div>\n<form action=\"\/index.php?rest_route=%2Fwp%2Fv2%2Fpages%2F2#wpcf7-f127-o1\" method=\"post\" class=\"wpcf7-form init\" aria-label=\"Formularz kontaktowy\" novalidate=\"novalidate\" data-status=\"init\">\n<fieldset class=\"hidden-fields-container\"><input type=\"hidden\" name=\"_wpcf7\" value=\"127\" \/><input type=\"hidden\" name=\"_wpcf7_version\" value=\"6.1\" \/><input type=\"hidden\" name=\"_wpcf7_locale\" value=\"pl_PL\" \/><input type=\"hidden\" name=\"_wpcf7_unit_tag\" value=\"wpcf7-f127-o1\" \/><input type=\"hidden\" name=\"_wpcf7_container_post\" value=\"0\" \/><input type=\"hidden\" name=\"_wpcf7_posted_data_hash\" value=\"\" \/>\n<\/fieldset>\n<p><label> Twoje imi\u0119 i nazwisko<br \/>\n<span class=\"wpcf7-form-control-wrap\" data-name=\"your-name\"><input size=\"40\" maxlength=\"400\" class=\"wpcf7-form-control wpcf7-text wpcf7-validates-as-required\" autocomplete=\"name\" aria-required=\"true\" aria-invalid=\"false\" value=\"\" type=\"text\" name=\"your-name\" \/><\/span> <\/label>\n<\/p>\n<p><label> Tw\u00f3j adres e-mail<br \/>\n<span class=\"wpcf7-form-control-wrap\" data-name=\"your-email\"><input size=\"40\" maxlength=\"400\" class=\"wpcf7-form-control wpcf7-email wpcf7-validates-as-required wpcf7-text wpcf7-validates-as-email\" autocomplete=\"email\" aria-required=\"true\" aria-invalid=\"false\" value=\"\" type=\"email\" name=\"your-email\" \/><\/span> <\/label>\n<\/p>\n<p><label> Temat<br \/>\n<span class=\"wpcf7-form-control-wrap\" data-name=\"your-subject\"><input size=\"40\" maxlength=\"400\" class=\"wpcf7-form-control wpcf7-text wpcf7-validates-as-required\" aria-required=\"true\" aria-invalid=\"false\" value=\"\" type=\"text\" name=\"your-subject\" \/><\/span> <\/label>\n<\/p>\n<p><label> Twoja wiadomo\u015b\u0107 (opcjonalne)<br \/>\n<span class=\"wpcf7-form-control-wrap\" data-name=\"your-message\"><textarea cols=\"40\" rows=\"10\" maxlength=\"2000\" class=\"wpcf7-form-control wpcf7-textarea\" aria-invalid=\"false\" name=\"your-message\"><\/textarea><\/span> <\/label>\n<\/p>\n<p><input class=\"wpcf7-form-control wpcf7-submit has-spinner\" type=\"submit\" value=\"Wy\u015blij\" \/>\n<\/p><div class=\"wpcf7-response-output\" aria-hidden=\"true\"><\/div>\n<\/form>\n<\/div>\n<\/div>\n\n\n\n<p><\/p>\n","protected":false},"excerpt":{"rendered":"<p>Masz pytanie? Chcesz zarezerwowa\u0107 termin? Napisz do mnie \u2013 z przyjemno\u015bci\u0105 odpowiem! tel: 690 461 599 e-mail: agata8720@gmail.com<\/p>\n","protected":false},"author":1,"featured_media":0,"parent":0,"menu_order":0,"comment_status":"closed","ping_status":"closed","template":"","meta":{"_uag_custom_page_level_css":"","footnotes":""},"class_list":["post-2","page","type-page","status-publish","hentry"],"yoast_head":"<!-- This site is optimized with the Yoast SEO plugin v25.5 - https:\/\/yoast.com\/wordpress\/plugins\/seo\/ -->\n<title>Kontakt -<\/title>\n<meta name=\"robots\" content=\"index, follow, max-snippet:-1, max-image-preview:large, max-video-preview:-1\" \/>\n<link rel=\"canonical\" href=\"https:\/\/magiaskrzypiec.pl\/?page_id=2\" \/>\n<meta property=\"og:locale\" content=\"pl_PL\" \/>\n<meta property=\"og:type\" content=\"article\" \/>\n<meta property=\"og:title\" content=\"Kontakt -\" \/>\n<meta property=\"og:description\" content=\"Masz pytanie? Chcesz zarezerwowa\u0107 termin? Napisz do mnie \u2013 z przyjemno\u015bci\u0105 odpowiem! tel: 690 461 599 e-mail: agata8720@gmail.com\" \/>\n<meta property=\"og:url\" content=\"https:\/\/magiaskrzypiec.pl\/?page_id=2\" \/>\n<meta property=\"article:modified_time\" content=\"2025-07-23T18:47:18+00:00\" \/>\n<meta name=\"twitter:card\" content=\"summary_large_image\" \/>\n<script type=\"application\/ld+json\" class=\"yoast-schema-graph\">{\"@context\":\"https:\/\/schema.org\",\"@graph\":[{\"@type\":\"WebPage\",\"@id\":\"https:\/\/magiaskrzypiec.pl\/?page_id=2\",\"url\":\"https:\/\/magiaskrzypiec.pl\/?page_id=2\",\"name\":\"Kontakt -\",\"isPartOf\":{\"@id\":\"https:\/\/magiaskrzypiec.pl\/#website\"},\"datePublished\":\"2025-07-05T10:06:19+00:00\",\"dateModified\":\"2025-07-23T18:47:18+00:00\",\"breadcrumb\":{\"@id\":\"https:\/\/magiaskrzypiec.pl\/?page_id=2#breadcrumb\"},\"inLanguage\":\"pl-PL\",\"potentialAction\":[{\"@type\":\"ReadAction\",\"target\":[\"https:\/\/magiaskrzypiec.pl\/?page_id=2\"]}]},{\"@type\":\"BreadcrumbList\",\"@id\":\"https:\/\/magiaskrzypiec.pl\/?page_id=2#breadcrumb\",\"itemListElement\":[{\"@type\":\"ListItem\",\"position\":1,\"name\":\"Strona g\u0142\u00f3wna\",\"item\":\"https:\/\/magiaskrzypiec.pl\/\"},{\"@type\":\"ListItem\",\"position\":2,\"name\":\"Kontakt\"}]},{\"@type\":\"WebSite\",\"@id\":\"https:\/\/magiaskrzypiec.pl\/#website\",\"url\":\"https:\/\/magiaskrzypiec.pl\/\",\"name\":\"Magia Skrzypiec\",\"description\":\"\u201eMuzyka jest skrzyd\u0142em duszy, kt\u00f3re unosi j\u0105 ponad codzienno\u015b\u0107.\u201d \u2013 Jean Paul \u2013 Heinrich Heine\",\"potentialAction\":[{\"@type\":\"SearchAction\",\"target\":{\"@type\":\"EntryPoint\",\"urlTemplate\":\"https:\/\/magiaskrzypiec.pl\/?s={search_term_string}\"},\"query-input\":{\"@type\":\"PropertyValueSpecification\",\"valueRequired\":true,\"valueName\":\"search_term_string\"}}],\"inLanguage\":\"pl-PL\"}]}<\/script>\n<!-- \/ Yoast SEO plugin. -->","yoast_head_json":{"title":"Kontakt -","robots":{"index":"index","follow":"follow","max-snippet":"max-snippet:-1","max-image-preview":"max-image-preview:large","max-video-preview":"max-video-preview:-1"},"canonical":"https:\/\/magiaskrzypiec.pl\/?page_id=2","og_locale":"pl_PL","og_type":"article","og_title":"Kontakt -","og_description":"Masz pytanie? Chcesz zarezerwowa\u0107 termin? Napisz do mnie \u2013 z przyjemno\u015bci\u0105 odpowiem! tel: 690 461 599 e-mail: agata8720@gmail.com","og_url":"https:\/\/magiaskrzypiec.pl\/?page_id=2","article_modified_time":"2025-07-23T18:47:18+00:00","twitter_card":"summary_large_image","schema":{"@context":"https:\/\/schema.org","@graph":[{"@type":"WebPage","@id":"https:\/\/magiaskrzypiec.pl\/?page_id=2","url":"https:\/\/magiaskrzypiec.pl\/?page_id=2","name":"Kontakt -","isPartOf":{"@id":"https:\/\/magiaskrzypiec.pl\/#website"},"datePublished":"2025-07-05T10:06:19+00:00","dateModified":"2025-07-23T18:47:18+00:00","breadcrumb":{"@id":"https:\/\/magiaskrzypiec.pl\/?page_id=2#breadcrumb"},"inLanguage":"pl-PL","potentialAction":[{"@type":"ReadAction","target":["https:\/\/magiaskrzypiec.pl\/?page_id=2"]}]},{"@type":"BreadcrumbList","@id":"https:\/\/magiaskrzypiec.pl\/?page_id=2#breadcrumb","itemListElement":[{"@type":"ListItem","position":1,"name":"Strona g\u0142\u00f3wna","item":"https:\/\/magiaskrzypiec.pl\/"},{"@type":"ListItem","position":2,"name":"Kontakt"}]},{"@type":"WebSite","@id":"https:\/\/magiaskrzypiec.pl\/#website","url":"https:\/\/magiaskrzypiec.pl\/","name":"Magia Skrzypiec","description":"\u201eMuzyka jest skrzyd\u0142em duszy, kt\u00f3re unosi j\u0105 ponad codzienno\u015b\u0107.\u201d \u2013 Jean Paul \u2013 Heinrich Heine","potentialAction":[{"@type":"SearchAction","target":{"@type":"EntryPoint","urlTemplate":"https:\/\/magiaskrzypiec.pl\/?s={search_term_string}"},"query-input":{"@type":"PropertyValueSpecification","valueRequired":true,"valueName":"search_term_string"}}],"inLanguage":"pl-PL"}]}},"uagb_featured_image_src":{"full":false,"thumbnail":false,"medium":false,"medium_large":false,"large":false,"1536x1536":false,"2048x2048":false},"uagb_author_info":{"display_name":"admin-MJQ74qUr","author_link":"https:\/\/magiaskrzypiec.pl\/?author=1"},"uagb_comment_info":0,"uagb_excerpt":"Masz pytanie? Chcesz zarezerwowa\u0107 termin? Napisz do mnie \u2013 z przyjemno\u015bci\u0105 odpowiem! tel: 690 461 599 e-mail: agata8720@gmail.com","_links":{"self":[{"href":"https:\/\/magiaskrzypiec.pl\/index.php?rest_route=\/wp\/v2\/pages\/2","targetHints":{"allow":["GET"]}}],"collection":[{"href":"https:\/\/magiaskrzypiec.pl\/index.php?rest_route=\/wp\/v2\/pages"}],"about":[{"href":"https:\/\/magiaskrzypiec.pl\/index.php?rest_route=\/wp\/v2\/types\/page"}],"author":[{"embeddable":true,"href":"https:\/\/magiaskrzypiec.pl\/index.php?rest_route=\/wp\/v2\/users\/1"}],"replies":[{"embeddable":true,"href":"https:\/\/magiaskrzypiec.pl\/index.php?rest_route=%2Fwp%2Fv2%2Fcomments&post=2"}],"version-history":[{"count":6,"href":"https:\/\/magiaskrzypiec.pl\/index.php?rest_route=\/wp\/v2\/pages\/2\/revisions"}],"predecessor-version":[{"id":215,"href":"https:\/\/magiaskrzypiec.pl\/index.php?rest_route=\/wp\/v2\/pages\/2\/revisions\/215"}],"wp:attachment":[{"href":"https:\/\/magiaskrzypiec.pl\/index.php?rest_route=%2Fwp%2Fv2%2Fmedia&parent=2"}],"curies":[{"name":"wp","href":"https:\/\/api.w.org\/{rel}","templated":true}]}}