{"id":50,"date":"2025-07-05T12:18:48","date_gmt":"2025-07-05T10:18:48","guid":{"rendered":"https:\/\/ejdemtest.pl\/?page_id=50"},"modified":"2025-07-21T22:10:19","modified_gmt":"2025-07-21T20:10:19","slug":"about","status":"publish","type":"page","link":"https:\/\/magiaskrzypiec.pl\/?page_id=50","title":{"rendered":"Pr\u00f3bka umiej\u0119tno\u015bci &#8211; Moje nagrania"},"content":{"rendered":"\n<div class=\"wp-block-uagb-container uagb-layout-grid uagb-block-f7139a63 alignwide uagb-is-root-container\">\n<div class=\"wp-block-uagb-advanced-heading uagb-block-a606d50e\"><p class=\"uagb-desc-text\">Pr\u00f3bki Wyst\u0119p\u00f3w<\/p><h2 class=\"uagb-heading-text\"><strong>Moje nagrania<\/strong><\/h2><\/div>\n\n\n\n<div class=\"wp-block-uagb-advanced-heading uagb-block-472c90a2\"><\/div>\n\n\n\n<p><\/p>\n\n\n\n<p><\/p>\n\n\n\n<figure class=\"wp-block-video\"><video height=\"1920\" style=\"aspect-ratio: 1080 \/ 1920;\" width=\"1080\" controls src=\"https:\/\/magiaskrzypiec.pl\/wp-content\/uploads\/2025\/07\/Coldplay-Yellow-wersja-skrocona-.mp4\"><\/video><\/figure>\n\n\n\n<figure class=\"wp-block-video\"><video height=\"1080\" style=\"aspect-ratio: 1920 \/ 1080;\" width=\"1920\" controls src=\"https:\/\/magiaskrzypiec.pl\/wp-content\/uploads\/2025\/07\/Hallelujah.mov\"><\/video><\/figure>\n\n\n\n<figure class=\"wp-block-video\"><video height=\"1024\" style=\"aspect-ratio: 576 \/ 1024;\" width=\"576\" controls src=\"https:\/\/magiaskrzypiec.pl\/wp-content\/uploads\/2025\/07\/thousand-years.mp4\"><\/video><\/figure>\n\n\n\n<figure class=\"wp-block-video\"><video height=\"1920\" style=\"aspect-ratio: 1080 \/ 1920;\" width=\"1080\" controls src=\"https:\/\/magiaskrzypiec.pl\/wp-content\/uploads\/2025\/07\/La-vie-en-rose-wersja-skrocona-.mp4\"><\/video><\/figure>\n<\/div>\n\n\n\n<p class=\"has-custom-color-1-color has-text-color has-link-color wp-elements-0cdfc14a4058abd9344ec2b9c7bc9eba\"><strong><em> \u201eMuzyka jest skrzyd\u0142em duszy, kt\u00f3re unosi j\u0105 ponad codzienno\u015b\u0107.\u201d \u2013 Jean Paul \u2013 Heinrich Heine<\/em><\/strong><\/p>\n\n\n\n<p><\/p>\n","protected":false},"excerpt":{"rendered":"<p>Pr\u00f3bki Wyst\u0119p\u00f3w Moje nagrania \u201eMuzyka jest skrzyd\u0142em duszy, kt\u00f3re unosi j\u0105 ponad codzienno\u015b\u0107.\u201d \u2013 Jean Paul \u2013 Heinrich Heine<\/p>\n","protected":false},"author":1,"featured_media":0,"parent":0,"menu_order":0,"comment_status":"closed","ping_status":"closed","template":"elementor_header_footer","meta":{"_uag_custom_page_level_css":"","footnotes":""},"class_list":["post-50","page","type-page","status-publish","hentry"],"yoast_head":"<!-- This site is optimized with the Yoast SEO plugin v25.5 - https:\/\/yoast.com\/wordpress\/plugins\/seo\/ -->\n<title>Pr\u00f3bka umiej\u0119tno\u015bci - Moje nagrania -<\/title>\n<meta name=\"robots\" content=\"index, follow, max-snippet:-1, max-image-preview:large, max-video-preview:-1\" \/>\n<link rel=\"canonical\" href=\"https:\/\/magiaskrzypiec.pl\/?page_id=50\" \/>\n<meta property=\"og:locale\" content=\"pl_PL\" \/>\n<meta property=\"og:type\" content=\"article\" \/>\n<meta property=\"og:title\" content=\"Pr\u00f3bka umiej\u0119tno\u015bci - Moje nagrania -\" \/>\n<meta property=\"og:description\" content=\"Pr\u00f3bki Wyst\u0119p\u00f3w Moje nagrania \u201eMuzyka jest skrzyd\u0142em duszy, kt\u00f3re unosi j\u0105 ponad codzienno\u015b\u0107.\u201d \u2013 Jean Paul \u2013 Heinrich Heine\" \/>\n<meta property=\"og:url\" content=\"https:\/\/magiaskrzypiec.pl\/?page_id=50\" \/>\n<meta property=\"article:modified_time\" content=\"2025-07-21T20:10:19+00:00\" \/>\n<meta name=\"twitter:card\" content=\"summary_large_image\" \/>\n<script type=\"application\/ld+json\" class=\"yoast-schema-graph\">{\"@context\":\"https:\/\/schema.org\",\"@graph\":[{\"@type\":\"WebPage\",\"@id\":\"https:\/\/magiaskrzypiec.pl\/?page_id=50\",\"url\":\"https:\/\/magiaskrzypiec.pl\/?page_id=50\",\"name\":\"Pr\u00f3bka umiej\u0119tno\u015bci - Moje nagrania -\",\"isPartOf\":{\"@id\":\"https:\/\/magiaskrzypiec.pl\/#website\"},\"datePublished\":\"2025-07-05T10:18:48+00:00\",\"dateModified\":\"2025-07-21T20:10:19+00:00\",\"breadcrumb\":{\"@id\":\"https:\/\/magiaskrzypiec.pl\/?page_id=50#breadcrumb\"},\"inLanguage\":\"pl-PL\",\"potentialAction\":[{\"@type\":\"ReadAction\",\"target\":[\"https:\/\/magiaskrzypiec.pl\/?page_id=50\"]}]},{\"@type\":\"BreadcrumbList\",\"@id\":\"https:\/\/magiaskrzypiec.pl\/?page_id=50#breadcrumb\",\"itemListElement\":[{\"@type\":\"ListItem\",\"position\":1,\"name\":\"Strona g\u0142\u00f3wna\",\"item\":\"https:\/\/magiaskrzypiec.pl\/\"},{\"@type\":\"ListItem\",\"position\":2,\"name\":\"Pr\u00f3bka umiej\u0119tno\u015bci &#8211; Moje nagrania\"}]},{\"@type\":\"WebSite\",\"@id\":\"https:\/\/magiaskrzypiec.pl\/#website\",\"url\":\"https:\/\/magiaskrzypiec.pl\/\",\"name\":\"Magia Skrzypiec\",\"description\":\"\u201eMuzyka jest skrzyd\u0142em duszy, kt\u00f3re unosi j\u0105 ponad codzienno\u015b\u0107.\u201d \u2013 Jean Paul \u2013 Heinrich Heine\",\"potentialAction\":[{\"@type\":\"SearchAction\",\"target\":{\"@type\":\"EntryPoint\",\"urlTemplate\":\"https:\/\/magiaskrzypiec.pl\/?s={search_term_string}\"},\"query-input\":{\"@type\":\"PropertyValueSpecification\",\"valueRequired\":true,\"valueName\":\"search_term_string\"}}],\"inLanguage\":\"pl-PL\"}]}<\/script>\n<!-- \/ Yoast SEO plugin. -->","yoast_head_json":{"title":"Pr\u00f3bka umiej\u0119tno\u015bci - Moje nagrania -","robots":{"index":"index","follow":"follow","max-snippet":"max-snippet:-1","max-image-preview":"max-image-preview:large","max-video-preview":"max-video-preview:-1"},"canonical":"https:\/\/magiaskrzypiec.pl\/?page_id=50","og_locale":"pl_PL","og_type":"article","og_title":"Pr\u00f3bka umiej\u0119tno\u015bci - Moje nagrania -","og_description":"Pr\u00f3bki Wyst\u0119p\u00f3w Moje nagrania \u201eMuzyka jest skrzyd\u0142em duszy, kt\u00f3re unosi j\u0105 ponad codzienno\u015b\u0107.\u201d \u2013 Jean Paul \u2013 Heinrich Heine","og_url":"https:\/\/magiaskrzypiec.pl\/?page_id=50","article_modified_time":"2025-07-21T20:10:19+00:00","twitter_card":"summary_large_image","schema":{"@context":"https:\/\/schema.org","@graph":[{"@type":"WebPage","@id":"https:\/\/magiaskrzypiec.pl\/?page_id=50","url":"https:\/\/magiaskrzypiec.pl\/?page_id=50","name":"Pr\u00f3bka umiej\u0119tno\u015bci - Moje nagrania -","isPartOf":{"@id":"https:\/\/magiaskrzypiec.pl\/#website"},"datePublished":"2025-07-05T10:18:48+00:00","dateModified":"2025-07-21T20:10:19+00:00","breadcrumb":{"@id":"https:\/\/magiaskrzypiec.pl\/?page_id=50#breadcrumb"},"inLanguage":"pl-PL","potentialAction":[{"@type":"ReadAction","target":["https:\/\/magiaskrzypiec.pl\/?page_id=50"]}]},{"@type":"BreadcrumbList","@id":"https:\/\/magiaskrzypiec.pl\/?page_id=50#breadcrumb","itemListElement":[{"@type":"ListItem","position":1,"name":"Strona g\u0142\u00f3wna","item":"https:\/\/magiaskrzypiec.pl\/"},{"@type":"ListItem","position":2,"name":"Pr\u00f3bka umiej\u0119tno\u015bci &#8211; Moje nagrania"}]},{"@type":"WebSite","@id":"https:\/\/magiaskrzypiec.pl\/#website","url":"https:\/\/magiaskrzypiec.pl\/","name":"Magia Skrzypiec","description":"\u201eMuzyka jest skrzyd\u0142em duszy, kt\u00f3re unosi j\u0105 ponad codzienno\u015b\u0107.\u201d \u2013 Jean Paul \u2013 Heinrich Heine","potentialAction":[{"@type":"SearchAction","target":{"@type":"EntryPoint","urlTemplate":"https:\/\/magiaskrzypiec.pl\/?s={search_term_string}"},"query-input":{"@type":"PropertyValueSpecification","valueRequired":true,"valueName":"search_term_string"}}],"inLanguage":"pl-PL"}]}},"uagb_featured_image_src":{"full":false,"thumbnail":false,"medium":false,"medium_large":false,"large":false,"1536x1536":false,"2048x2048":false},"uagb_author_info":{"display_name":"admin-MJQ74qUr","author_link":"https:\/\/magiaskrzypiec.pl\/?author=1"},"uagb_comment_info":0,"uagb_excerpt":"Pr\u00f3bki Wyst\u0119p\u00f3w Moje nagrania \u201eMuzyka jest skrzyd\u0142em duszy, kt\u00f3re unosi j\u0105 ponad codzienno\u015b\u0107.\u201d \u2013 Jean Paul \u2013 Heinrich Heine","_links":{"self":[{"href":"https:\/\/magiaskrzypiec.pl\/index.php?rest_route=\/wp\/v2\/pages\/50","targetHints":{"allow":["GET"]}}],"collection":[{"href":"https:\/\/magiaskrzypiec.pl\/index.php?rest_route=\/wp\/v2\/pages"}],"about":[{"href":"https:\/\/magiaskrzypiec.pl\/index.php?rest_route=\/wp\/v2\/types\/page"}],"author":[{"embeddable":true,"href":"https:\/\/magiaskrzypiec.pl\/index.php?rest_route=\/wp\/v2\/users\/1"}],"replies":[{"embeddable":true,"href":"https:\/\/magiaskrzypiec.pl\/index.php?rest_route=%2Fwp%2Fv2%2Fcomments&post=50"}],"version-history":[{"count":11,"href":"https:\/\/magiaskrzypiec.pl\/index.php?rest_route=\/wp\/v2\/pages\/50\/revisions"}],"predecessor-version":[{"id":205,"href":"https:\/\/magiaskrzypiec.pl\/index.php?rest_route=\/wp\/v2\/pages\/50\/revisions\/205"}],"wp:attachment":[{"href":"https:\/\/magiaskrzypiec.pl\/index.php?rest_route=%2Fwp%2Fv2%2Fmedia&parent=50"}],"curies":[{"name":"wp","href":"https:\/\/api.w.org\/{rel}","templated":true}]}}